{"id":550,"date":"2023-09-16T16:17:05","date_gmt":"2023-09-16T16:17:05","guid":{"rendered":"https:\/\/blogs.sindominio.net\/aldarull\/?page_id=550"},"modified":"2023-09-18T16:39:52","modified_gmt":"2023-09-18T16:39:52","slug":"entrades","status":"publish","type":"page","link":"https:\/\/aldarull.org\/?page_id=550","title":{"rendered":"Blog"},"content":{"rendered":"\n<div class=\"wp-block-query is-layout-flow wp-block-query-is-layout-flow\"><ul class=\"wp-block-post-template is-layout-flow wp-block-post-template-is-layout-flow\"><li class=\"wp-block-post post-891 post type-post status-publish format-standard category-sin-categoria tag-recomanacions tag-sant-jordi czr-hentry\">\n<h2 class=\"wp-block-post-title\"><a href=\"https:\/\/aldarull.org\/?p=891\" target=\"_self\" >Recomanacions edici\u00f3 Sant Jordi!<\/a><\/h2>\n\n\n\n<div class=\"wp-block-post-excerpt\"><p class=\"wp-block-post-excerpt__excerpt\">Aquest s\u00f3n els \u00faltims llibres que hem llegit i que ens han agradat molt i prou per recomanar pillar-los per Sant Jordi o per qualsevol altra dia de l&#8217;any! Com veureu, fidels a la nostra l\u00ednia, cap d&#8217;aquests \u00e9s una novetat, ja sabeu, si voleu trobar llibres bons i anarquistes, ja siguin nous o oblidats,&hellip; <\/p><\/div>\n\n\n<hr class=\"wp-block-separator has-css-opacity\"\/>\n\n\n<div class=\"wp-block-post-date\"><time datetime=\"2026-04-20T09:09:19+00:00\">20 d&#8217;abril de 2026<\/time><\/div>\n<\/li><li class=\"wp-block-post post-878 post type-post status-publish format-standard has-post-thumbnail category-esdeveniments tag-esdeveniments czr-hentry\">\n<h2 class=\"wp-block-post-title\"><a href=\"https:\/\/aldarull.org\/?p=878\" target=\"_self\" >Cap al futur. Cicle de ci\u00e8ncia ficci\u00f3<\/a><\/h2>\n\n<figure class=\"alignwide wp-block-post-featured-image\"><a href=\"https:\/\/aldarull.org\/?p=878\" target=\"_self\"  ><img loading=\"lazy\" decoding=\"async\" width=\"1080\" height=\"317\" src=\"https:\/\/aldarull.org\/files\/2026\/02\/0.cicle-de-ciencia-ficcio-e1771414310207.jpg\" class=\"attachment-post-thumbnail size-post-thumbnail wp-post-image\" alt=\"Cap al futur. Cicle de ci\u00e8ncia ficci\u00f3\" style=\"object-fit:cover;\" srcset=\"https:\/\/aldarull.org\/files\/2026\/02\/0.cicle-de-ciencia-ficcio-e1771414310207.jpg 1080w, https:\/\/aldarull.org\/files\/2026\/02\/0.cicle-de-ciencia-ficcio-e1771414310207-300x88.jpg 300w, https:\/\/aldarull.org\/files\/2026\/02\/0.cicle-de-ciencia-ficcio-e1771414310207-1024x301.jpg 1024w, https:\/\/aldarull.org\/files\/2026\/02\/0.cicle-de-ciencia-ficcio-e1771414310207-768x225.jpg 768w\" sizes=\"auto, (max-width: 1080px) 100vw, 1080px\" \/><\/a><\/figure>\n\n<div class=\"wp-block-post-excerpt\"><p class=\"wp-block-post-excerpt__excerpt\">Aquest cicle proposa un recorregut compartit per pensar els imaginaris de futur des d\u2019una mirada anticolonial, feminista i dissident. No com una etiqueta, sin\u00f3 com una necessitat. Si volem imaginar nous mons, cal revisar les bases dels relats que han definit fins ara qu\u00e8 entenem per progr\u00e9s, desenvolupament o civilitzaci\u00f3. El cicle comen\u00e7a el\u00a019\/02\u00a0amb la&hellip; <\/p><\/div>\n\n\n<hr class=\"wp-block-separator has-css-opacity\"\/>\n\n\n<div class=\"wp-block-post-date\"><time datetime=\"2026-02-18T11:36:54+00:00\">18 de febrer de 2026<\/time><\/div>\n<\/li><li class=\"wp-block-post post-868 post type-post status-publish format-standard has-post-thumbnail category-listas category-recomendaciones category-sense-categoria-es tag-listas tag-recomendaciones czr-hentry\">\n<h2 class=\"wp-block-post-title\"><a href=\"https:\/\/aldarull.org\/?p=868&#038;lang=es\" target=\"_self\" >7 librazos contra el turismo y la gentrificaci\u00f3n para leer este verano<\/a><\/h2>\n\n<figure class=\"alignwide wp-block-post-featured-image\"><a href=\"https:\/\/aldarull.org\/?p=868&#038;lang=es\" target=\"_self\"  ><img loading=\"lazy\" decoding=\"async\" width=\"1000\" height=\"522\" src=\"https:\/\/aldarull.org\/files\/2025\/06\/New-Project.png\" class=\"attachment-post-thumbnail size-post-thumbnail wp-post-image\" alt=\"7 librazos contra el turismo y la gentrificaci\u00f3n para leer este verano\" style=\"object-fit:cover;\" srcset=\"https:\/\/aldarull.org\/files\/2025\/06\/New-Project.png 1000w, https:\/\/aldarull.org\/files\/2025\/06\/New-Project-300x157.png 300w, https:\/\/aldarull.org\/files\/2025\/06\/New-Project-768x401.png 768w\" sizes=\"auto, (max-width: 1000px) 100vw, 1000px\" \/><\/a><\/figure>\n\n<div class=\"wp-block-post-excerpt\"><p class=\"wp-block-post-excerpt__excerpt\">Vuelve el verano y con \u00e9l su fen\u00f3meno m\u00e1s odiado; las hordas de guiris invadiendo nuestras ciudades, costas, monta\u00f1as, pueblos y viviendas. El turismo es una de las caracter\u00edsticas m\u00e1s horribles del capitalismo, y aunque hayamos aprendido muchas cosas en estos \u00faltimas a\u00f1os de debate p\u00fablico sobre el tema, tenemos mucho trabajo para hacer. Hay&hellip; <\/p><\/div>\n\n\n<hr class=\"wp-block-separator has-css-opacity\"\/>\n\n\n<div class=\"wp-block-post-date\"><time datetime=\"2025-06-12T17:38:48+00:00\">12 de juny de 2025<\/time><\/div>\n<\/li><\/ul><\/div>\n","protected":false},"excerpt":{"rendered":"","protected":false},"author":207,"featured_media":0,"parent":0,"menu_order":0,"comment_status":"closed","ping_status":"closed","template":"","meta":{"footnotes":""},"class_list":["post-550","page","type-page","status-publish","czr-hentry"],"_links":{"self":[{"href":"https:\/\/aldarull.org\/index.php?rest_route=\/wp\/v2\/pages\/550","targetHints":{"allow":["GET"]}}],"collection":[{"href":"https:\/\/aldarull.org\/index.php?rest_route=\/wp\/v2\/pages"}],"about":[{"href":"https:\/\/aldarull.org\/index.php?rest_route=\/wp\/v2\/types\/page"}],"author":[{"embeddable":true,"href":"https:\/\/aldarull.org\/index.php?rest_route=\/wp\/v2\/users\/207"}],"replies":[{"embeddable":true,"href":"https:\/\/aldarull.org\/index.php?rest_route=%2Fwp%2Fv2%2Fcomments&post=550"}],"version-history":[{"count":1,"href":"https:\/\/aldarull.org\/index.php?rest_route=\/wp\/v2\/pages\/550\/revisions"}],"predecessor-version":[{"id":551,"href":"https:\/\/aldarull.org\/index.php?rest_route=\/wp\/v2\/pages\/550\/revisions\/551"}],"wp:attachment":[{"href":"https:\/\/aldarull.org\/index.php?rest_route=%2Fwp%2Fv2%2Fmedia&parent=550"}],"curies":[{"name":"wp","href":"https:\/\/api.w.org\/{rel}","templated":true}]}}

<div class="wp-block-query is-layout-flow wp-block-query-is-layout-flow"><ul class="wp-block-post-template is-layout-flow wp-block-post-template-is-layout-flow"><li class="wp-block-post post-891 post type-post status-publish format-standard category-sin-categoria tag-recomanacions tag-sant-jordi czr-hentry">
<h2 class="wp-block-post-title"><a href="https://aldarull.org/?p=891" target="_self" >Recomanacions edició Sant Jordi!</a></h2>



<div class="wp-block-post-excerpt"><p class="wp-block-post-excerpt__excerpt">Aquest són els últims llibres que hem llegit i que ens han agradat molt i prou per recomanar pillar-los per Sant Jordi o per qualsevol altra dia de l&#8217;any! Com veureu, fidels a la nostra línia, cap d&#8217;aquests és una novetat, ja sabeu, si voleu trobar llibres bons i anarquistes, ja siguin nous o oblidats,&hellip; </p></div>


<hr class="wp-block-separator has-css-opacity"/>


<div class="wp-block-post-date"><time datetime="2026-04-20T09:09:19+00:00">20 d&#8217;abril de 2026</time></div>
</li><li class="wp-block-post post-878 post type-post status-publish format-standard has-post-thumbnail category-esdeveniments tag-esdeveniments czr-hentry">
<h2 class="wp-block-post-title"><a href="https://aldarull.org/?p=878" target="_self" >Cap al futur. Cicle de ciència ficció</a></h2>

<figure class="alignwide wp-block-post-featured-image"><a href="https://aldarull.org/?p=878" target="_self"  ><img loading="lazy" decoding="async" width="1080" height="317" src="https://aldarull.org/files/2026/02/0.cicle-de-ciencia-ficcio-e1771414310207.jpg" class="attachment-post-thumbnail size-post-thumbnail wp-post-image" alt="Cap al futur. Cicle de ciència ficció" style="object-fit:cover;" srcset="https://aldarull.org/files/2026/02/0.cicle-de-ciencia-ficcio-e1771414310207.jpg 1080w, https://aldarull.org/files/2026/02/0.cicle-de-ciencia-ficcio-e1771414310207-300x88.jpg 300w, https://aldarull.org/files/2026/02/0.cicle-de-ciencia-ficcio-e1771414310207-1024x301.jpg 1024w, https://aldarull.org/files/2026/02/0.cicle-de-ciencia-ficcio-e1771414310207-768x225.jpg 768w" sizes="auto, (max-width: 1080px) 100vw, 1080px" /></a></figure>

<div class="wp-block-post-excerpt"><p class="wp-block-post-excerpt__excerpt">Aquest cicle proposa un recorregut compartit per pensar els imaginaris de futur des d’una mirada anticolonial, feminista i dissident. No com una etiqueta, sinó com una necessitat. Si volem imaginar nous mons, cal revisar les bases dels relats que han definit fins ara què entenem per progrés, desenvolupament o civilització. El cicle comença el 19/02 amb la&hellip; </p></div>


<hr class="wp-block-separator has-css-opacity"/>


<div class="wp-block-post-date"><time datetime="2026-02-18T11:36:54+00:00">18 de febrer de 2026</time></div>
</li><li class="wp-block-post post-868 post type-post status-publish format-standard has-post-thumbnail category-listas category-recomendaciones category-sense-categoria-es tag-listas tag-recomendaciones czr-hentry">
<h2 class="wp-block-post-title"><a href="https://aldarull.org/?p=868&#038;lang=es" target="_self" >7 librazos contra el turismo y la gentrificación para leer este verano</a></h2>

<figure class="alignwide wp-block-post-featured-image"><a href="https://aldarull.org/?p=868&#038;lang=es" target="_self"  ><img loading="lazy" decoding="async" width="1000" height="522" src="https://aldarull.org/files/2025/06/New-Project.png" class="attachment-post-thumbnail size-post-thumbnail wp-post-image" alt="7 librazos contra el turismo y la gentrificación para leer este verano" style="object-fit:cover;" srcset="https://aldarull.org/files/2025/06/New-Project.png 1000w, https://aldarull.org/files/2025/06/New-Project-300x157.png 300w, https://aldarull.org/files/2025/06/New-Project-768x401.png 768w" sizes="auto, (max-width: 1000px) 100vw, 1000px" /></a></figure>

<div class="wp-block-post-excerpt"><p class="wp-block-post-excerpt__excerpt">Vuelve el verano y con él su fenómeno más odiado; las hordas de guiris invadiendo nuestras ciudades, costas, montañas, pueblos y viviendas. El turismo es una de las características más horribles del capitalismo, y aunque hayamos aprendido muchas cosas en estos últimas años de debate público sobre el tema, tenemos mucho trabajo para hacer. Hay&hellip; </p></div>


<hr class="wp-block-separator has-css-opacity"/>


<div class="wp-block-post-date"><time datetime="2025-06-12T17:38:48+00:00">12 de juny de 2025</time></div>
</li></ul></div>
